git of 18703094?
9
What is the hundreds digit of 5738174?
1
What is the tens digit of 198656?
5
What is the ten thousands digit of 2677190?
7
What is the tens digit of 853358?
5
What is the units digit of 46289?
9
What is the hundreds digit of 17288069?
0
What is the units digit of 2116156?
6
What is the tens digit of 143567?
6
What is the ten thousands digit of 137328?
3
What is the hundred thousands digit of 3861238?
8
What is the millions digit of 20923360?
0
What is the hundred thousands digit of 1633879?
6
What is the thousands digit of 155806?
5
What is the thousands digit of 104019?
4
What is the tens digit of 3766851?
5
What is the hundreds digit of 26089724?
7
What is the tens digit of 25111767?
6
What is the hundreds digit of 4621477?
4
What is the tens digit of 259233?
3
What is the ten thousands digit of 315280?
1
What is the hundred thousands digit of 2606197?
6
What is the ten thousands digit of 560073?
6
What is the tens digit of 72453?
5
What is the hundred thousands digit of 1663132?
6
What is the tens digit of 1959324?
2
What is the tens digit of 9668106?
0
What is the tens digit of 142500?
0
What is the millions digit of 1125682?
1
What is the units digit of 18814266?
6
What is the hundreds digit of 10953075?
0
What is the thousands digit of 1362382?
2
What is the tens digit of 1253384?
8
What is the thousands digit of 78471?
8
What is the hundred thousands digit of 253927?
2
What is the hundreds digit of 1480246?
2
What is the ten thousands digit of 3201901?
0
What is the thousands digit of 79773?
9
What is the hundreds digit of 5335144?
1
What is the units digit of 274231?
1
What is the hundreds digit of 2543012?
0
What is the thousands digit of 651708?
1
What is the units digit of 295593?
3
What is the hundreds digit of 82634?
6
What is the units digit of 6342233?
3
What is the hundred thousands digit of 13927986?
9
What is the thousands digit of 79521?
9
What is the thousands digit of 148594?
8
What is the hundred thousands digit of 4477295?
4
What is the hundreds digit of 1633460?
4
What is the units digit of 131488?
8
What is the thousands digit of 260646?
0
What is the hundreds digit of 1432286?
2
What is the units digit of 603557?
7
What is the units digit of 1067110?
0
What is the hundreds digit of 20010353?
3
What is the tens digit of 284990?
9
What is the ten thousands digit of 201726?
0
What is the ten thousands digit of 5323522?
2
What is the hundreds digit of 1222348?
3
What is the hundreds digit of 53150?
1
What is the ten thousands digit of 31302?
3
What is the tens digit of 36512?
1
What is the tens digit of 5004522?
2
What is the ten thousands digit of 140499?
4
What is the thousands digit of 211544?
1
What is the hundred thousands digit of 1198922?
1
What is the units digit of 167046?
6
What is the ten thousands digit of 3603654?
0
What is the hundred thousands digit of 292031?
2
What is the hundreds digit of 11874754?
7
What is the hundred thousands digit of 34116978?
1
What is the tens digit of 904183?
8
What is the hundreds digit of 6124903?
9
What is the hundreds digit of 107968?
9
What is the thousands digit of 11198018?
8
What is the units digit of 859948?
8
What is the hundred thousands digit of 1067581?
0
What is the units digit of 202064?
4
What is the hundreds digit of 1692683?
6
What is the ten thousands digit of 6656777?
5
What is the tens digit of 2848967?
6
What is the millions digit of 3502652?
3
What is the tens digit of 216080?
8
What is the tens digit of 1478254?
5
What is the tens digit of 813798?
9
What is the units digit of 549391?
1
What is the hundred thousands digit of 17014945?
0
What is the tens digit of 236887?
8
What is the hundreds digit of 4851409?
4
What is the hundred thousands digit of 807237?
8
What is the ten thousands digit of 212457?
1
What is the ten thousands digit of 7562237?
6
What is the ten thousands digit of 1981666?
8
What is the hundred thousands digit of 4635290?
6
What is the ten thousands digit of 517469?
1
What is the hundred thousands digit of 524349?
5
What is the thousands digit of 246236?
6
What is the tens digit of 40919016?
1
What is the hundreds digit of 4207542?
5
What is the units digit of 2210696?
6
What is the hundreds digit of 97943?
9
What is the tens digit of 37224792?
9
What is the units digit of 65251?
1
What is the ten thousands digit of 5240504?
4
What is the hundred thousands digit of 702281?
7
What is the tens digit of 24837513?
1
What is the tens digit of 955173?
7
What is the tens digit of 101451?
5
What is the hundreds digit of 7697740?
7
What is the hundreds digit of 903941?
9
What is the units digit of 374429?
9
What is the ten thousands digit of 2957610?
5
What is the hundreds digit of 3326989?
9
What is the ten thousands digit of 3074903?
7
What is the units digit of 2314783?
3
What is the ten thousands digit of 151823?
5
What is the hundreds digit of 170731?
7
What is the ten thousands digit of 73457?
7
What is the hundred thousands digit of 794543?
7
What is the thousands digit of 646320?
6
What is the tens digit of 3433046?
4
What is the hundred thousands digit of 211556?
2
What is the hundred thousands digit of 3606400?
6
What is the thousands digit of 3244304?
4
What is the hundred thousands digit of 2933806?
9
What is the tens digit of 11958526?
2
What is the millions digit of 1059929?
1
What is the hundred thousands digit of 1604083?
6
What is the thousands digit of 3598790?
8
What is the ten thousands digit of 546963?
4
What is the hundred thousands digit of 2466657?
4
What is the thousands digit of 4561710?
1
What is the hundreds digit of 9401?
4
What is the hundreds digit of 62480?
4
What is the thousands digit of 59822?
9
What is the hundred thousands digit of 1491853?
4
What is the tens digit of 7243877?
7
What is the units digit of 18961?
1
What is the hundreds digit of 37072?
0
What is the hundreds digit of 10957692?
6
What is the units digit of 695746?
6
What is the ten millions digit of 12189815?
1
What is the units digit of 268738?
8
What is the ten thousands digit of 660221?
6
What is the tens digit of 1964334?
3
What is the hundred thousands digit of 335187?
3
What is the tens digit of 49572?
7
What is the units digit of 13245114?
4
What is the thousands digit of 1308199?
8
What is the thousands digit of 211424?
1
What is the hundreds digit of 3413326?
3
What is the tens digit of 468754?
5
What is the tens digit of 4039601?
0
What is the hundred thousands digit of 210789?
2
What is the millions digit of 3290377?
3
What is the ten thousands digit of 8888942?
8
What is the millions digit of 16851388?
6
What is the millions digit of 5905271?
5
What is the thousands digit of 12683?
2
What is the thousands digit of 310807?
0
What is the ten thousands digit of 979098?
7
What is the tens digit of 9577573?
7
What is the ten thousands digit of 32107441?
0
What is the hundreds digit of 4197201?
2
What is the hundred thousands digit of 24980430?
9
What is the ten thousands digit of 1871741?
7
What is the units digit of 170106?
6
What is the hundred thousands digit of 16572015?
5
What is the hundreds digit of 281979?
9
What is the units digit of 59898?
8
What is the tens digit of 290562?
6
What is the tens digit of 1139751?
5
What is the units digit of 15913581?
1
What is the hundreds digit of 162229?
2
What is the hundreds digit of 6450050?
0
What is the hundred thousands digit of 224298?
2
What is the tens digit of 17912829?
2
What is the thousands digit of 232699?
2
What is the ten thousands digit of 4206818?
0
What is the millions digit of 7429448?
7
What is the hundreds digit of 163397?
3
What is the ten thousands digit of 7598838?
9
What is the hundred thousands digit of 1046494?
0
What is the ten thousands digit of 88592?
8
What is the units digit of 1363832?
2
What is the units digit of 8930191?
1
What is the hundreds digit of 347752?
7
What is the hundred thousands digit of 15132640?
1
What is the units digit of 1925128?
8
What is the hundred thousands digit of 10810821?
8
What is the hundreds digit of 2995?
9
What is the tens digit of 55971?
7
What is the hundred thousands digit of 4419882?
4
What is the ten thousands digit of 349327?
4
What is the ten thousands digit of 6087027?
8
What is the hundreds digit 